{"id":20,"date":"2026-01-12T08:54:43","date_gmt":"2026-01-12T08:54:43","guid":{"rendered":"https:\/\/rocomplet.info\/?page_id=20"},"modified":"2026-01-12T19:46:42","modified_gmt":"2026-01-12T19:46:42","slug":"datenschutz","status":"publish","type":"page","link":"https:\/\/rocomplet.info\/?page_id=20","title":{"rendered":"Datenschutz"},"content":{"rendered":"\n<p><strong>Datenschutzerkl\u00e4rung\u00a0<\/strong><br><br><strong>Verantwortlicher<br>ROcomplet<br>Inh. Ioan-Andrei Tausean<br>Alte stra\u00dfe 64, 94034 Passau<br><\/strong>Telefon: <strong>+ 49 1514 0354060<br><\/strong>E-Mail: <strong>contact@rocomplet.info<\/strong><br><br><strong>Datenschutz<br><\/strong>Wir behandeln Ihre personenbezogenen Daten vertraulich und entsprechend den gesetzlichen Datenschutzvorschriften (DSGVO) sowie dieser Datenschutzerkl\u00e4rung.<br><br><strong>Erhebung personenbezogener Daten<\/strong><br>Beim Besuch unserer Website: Es werden automatisch technische Daten erfasst (z. B. IP-Adresse, Browsertyp, Datum\/Uhrzeit).<br>Bei einer Kontaktaufnahme: Wir erheben Ihre Kontaktdaten (Name, Telefonnummer, E-Mail-Adresse) ausschlie\u00dflich zur Bearbeitung Ihrer Anfrage.<br><br><strong>Zweck der Datenverarbeitung<br><\/strong>Die Verarbeitung erfolgt ausschlie\u00dflich zur Bereitstellung unserer Beratungsleistungen und zur Kommunikation mit Ihnen.<br><br><strong>Rechtsgrundlage<br><\/strong>Art. 6 Abs. 1 lit. b DSGVO (Vertragserf\u00fcllung) und Art. 6 Abs. 1 lit. f DSGVO (berechtigtes Interesse).<br><br><strong>Weitergabe von Daten<br><\/strong>Ihre Daten werden nicht an Dritte weitergegeben, es sei denn, dies ist zur Vertragserf\u00fcllung erforderlich oder wir sind gesetzlich dazu verpflichtet.<br><br><strong>Speicherdauer<br><\/strong>Wir speichern Ihre Daten nur so lange, wie dies zur Erf\u00fcllung des Zwecks erforderlich ist oder gesetzlich vorgeschrieben wird.<br><br><strong>Ihre Rechte<br><\/strong>Sie haben jederzeit das Recht auf Auskunft, Berichtigung, L\u00f6schung, Einschr\u00e4nkung der Verarbeitung, Widerspruch sowie Daten\u00fcbertragbarkeit.<br>Bitte wenden Sie sich dazu an: <strong>contact@rocomplet.info<\/strong>.<br><br><strong>Cookies<br><\/strong>Unsere Website kann Cookies verwenden, um die Nutzung zu verbessern. Sie k\u00f6nnen die Speicherung von Cookies in den Browsereinstellungen deaktivieren.<br><br><strong>\u00c4nderungen<br><\/strong>Wir behalten uns vor, diese Datenschutzerkl\u00e4rung jederzeit anzupassen.<\/p>\n","protected":false},"excerpt":{"rendered":"<p>Datenschutzerkl\u00e4rung\u00a0 VerantwortlicherROcompletInh. Ioan-Andrei TauseanAlte stra\u00dfe 64, 94034 PassauTelefon: + 49 1514 0354060E-Mail: contact@rocomplet.info DatenschutzWir behandeln Ihre personenbezogenen Daten vertraulich und entsprechend den gesetzlichen Datenschutzvorschriften (DSGVO) sowie dieser Datenschutzerkl\u00e4rung. Erhebung personenbezogener DatenBeim Besuch unserer Website: Es werden automatisch technische Daten erfasst (z. B. IP-Adresse, Browsertyp, Datum\/Uhrzeit).Bei einer Kontaktaufnahme: Wir erheben Ihre Kontaktdaten (Name, Telefonnummer, E-Mail-Adresse) ausschlie\u00dflich [&hellip;]<\/p>\n","protected":false},"author":1,"featured_media":0,"parent":0,"menu_order":0,"comment_status":"closed","ping_status":"closed","template":"","meta":{"_uag_custom_page_level_css":"","footnotes":""},"class_list":["post-20","page","type-page","status-publish","hentry"],"yoast_head":"<!-- This site is optimized with the Yoast SEO plugin v27.5 - https:\/\/yoast.com\/product\/yoast-seo-wordpress\/ -->\n<title>Datenschutz - ROcomplet<\/title>\n<meta name=\"robots\" content=\"index, follow, max-snippet:-1, max-image-preview:large, max-video-preview:-1\" \/>\n<link rel=\"canonical\" href=\"https:\/\/rocomplet.info\/?page_id=20\" \/>\n<meta property=\"og:locale\" content=\"de_DE\" \/>\n<meta property=\"og:type\" content=\"article\" \/>\n<meta property=\"og:title\" content=\"Datenschutz - ROcomplet\" \/>\n<meta property=\"og:description\" content=\"Datenschutzerkl\u00e4rung\u00a0 VerantwortlicherROcompletInh. Ioan-Andrei TauseanAlte stra\u00dfe 64, 94034 PassauTelefon: + 49 1514 0354060E-Mail: contact@rocomplet.info DatenschutzWir behandeln Ihre personenbezogenen Daten vertraulich und entsprechend den gesetzlichen Datenschutzvorschriften (DSGVO) sowie dieser Datenschutzerkl\u00e4rung. Erhebung personenbezogener DatenBeim Besuch unserer Website: Es werden automatisch technische Daten erfasst (z. B. IP-Adresse, Browsertyp, Datum\/Uhrzeit).Bei einer Kontaktaufnahme: Wir erheben Ihre Kontaktdaten (Name, Telefonnummer, E-Mail-Adresse) ausschlie\u00dflich [&hellip;]\" \/>\n<meta property=\"og:url\" content=\"https:\/\/rocomplet.info\/?page_id=20\" \/>\n<meta property=\"og:site_name\" content=\"ROcomplet\" \/>\n<meta property=\"article:publisher\" content=\"https:\/\/www.facebook.com\/profile.php?id=61580926202755\" \/>\n<meta property=\"article:modified_time\" content=\"2026-01-12T19:46:42+00:00\" \/>\n<meta name=\"twitter:card\" content=\"summary_large_image\" \/>\n<meta name=\"twitter:label1\" content=\"Gesch\u00e4tzte Lesezeit\" \/>\n\t<meta name=\"twitter:data1\" content=\"1\u00a0Minute\" \/>\n<script type=\"application\/ld+json\" class=\"yoast-schema-graph\">{\"@context\":\"https:\\\/\\\/schema.org\",\"@graph\":[{\"@type\":\"WebPage\",\"@id\":\"https:\\\/\\\/rocomplet.info\\\/?page_id=20\",\"url\":\"https:\\\/\\\/rocomplet.info\\\/?page_id=20\",\"name\":\"Datenschutz - ROcomplet\",\"isPartOf\":{\"@id\":\"https:\\\/\\\/rocomplet.info\\\/#website\"},\"datePublished\":\"2026-01-12T08:54:43+00:00\",\"dateModified\":\"2026-01-12T19:46:42+00:00\",\"breadcrumb\":{\"@id\":\"https:\\\/\\\/rocomplet.info\\\/?page_id=20#breadcrumb\"},\"inLanguage\":\"de\",\"potentialAction\":[{\"@type\":\"ReadAction\",\"target\":[\"https:\\\/\\\/rocomplet.info\\\/?page_id=20\"]}]},{\"@type\":\"BreadcrumbList\",\"@id\":\"https:\\\/\\\/rocomplet.info\\\/?page_id=20#breadcrumb\",\"itemListElement\":[{\"@type\":\"ListItem\",\"position\":1,\"name\":\"Start\",\"item\":\"https:\\\/\\\/rocomplet.info\\\/\"},{\"@type\":\"ListItem\",\"position\":2,\"name\":\"Datenschutz\"}]},{\"@type\":\"WebSite\",\"@id\":\"https:\\\/\\\/rocomplet.info\\\/#website\",\"url\":\"https:\\\/\\\/rocomplet.info\\\/\",\"name\":\"ROcomplet\",\"description\":\"\",\"publisher\":{\"@id\":\"https:\\\/\\\/rocomplet.info\\\/#organization\"},\"potentialAction\":[{\"@type\":\"SearchAction\",\"target\":{\"@type\":\"EntryPoint\",\"urlTemplate\":\"https:\\\/\\\/rocomplet.info\\\/?s={search_term_string}\"},\"query-input\":{\"@type\":\"PropertyValueSpecification\",\"valueRequired\":true,\"valueName\":\"search_term_string\"}}],\"inLanguage\":\"de\"},{\"@type\":\"Organization\",\"@id\":\"https:\\\/\\\/rocomplet.info\\\/#organization\",\"name\":\"ROcomplet\",\"url\":\"https:\\\/\\\/rocomplet.info\\\/\",\"logo\":{\"@type\":\"ImageObject\",\"inLanguage\":\"de\",\"@id\":\"https:\\\/\\\/rocomplet.info\\\/#\\\/schema\\\/logo\\\/image\\\/\",\"url\":\"https:\\\/\\\/rocomplet.info\\\/wp-content\\\/uploads\\\/2026\\\/01\\\/12-removebg-preview.png\",\"contentUrl\":\"https:\\\/\\\/rocomplet.info\\\/wp-content\\\/uploads\\\/2026\\\/01\\\/12-removebg-preview.png\",\"width\":600,\"height\":231,\"caption\":\"ROcomplet\"},\"image\":{\"@id\":\"https:\\\/\\\/rocomplet.info\\\/#\\\/schema\\\/logo\\\/image\\\/\"},\"sameAs\":[\"https:\\\/\\\/www.facebook.com\\\/profile.php?id=61580926202755\",\"https:\\\/\\\/www.instagram.com\\\/rocomplet?utm_source=ig_web_button_share_sheet&igsh=ZDNlZDc0MzIxNw\",\"https:\\\/\\\/www.tiktok.com\\\/@rocomplet?is_from_webapp=1&sender_device=pc\"]}]}<\/script>\n<!-- \/ Yoast SEO plugin. -->","yoast_head_json":{"title":"Datenschutz - ROcomplet","robots":{"index":"index","follow":"follow","max-snippet":"max-snippet:-1","max-image-preview":"max-image-preview:large","max-video-preview":"max-video-preview:-1"},"canonical":"https:\/\/rocomplet.info\/?page_id=20","og_locale":"de_DE","og_type":"article","og_title":"Datenschutz - ROcomplet","og_description":"Datenschutzerkl\u00e4rung\u00a0 VerantwortlicherROcompletInh. Ioan-Andrei TauseanAlte stra\u00dfe 64, 94034 PassauTelefon: + 49 1514 0354060E-Mail: contact@rocomplet.info DatenschutzWir behandeln Ihre personenbezogenen Daten vertraulich und entsprechend den gesetzlichen Datenschutzvorschriften (DSGVO) sowie dieser Datenschutzerkl\u00e4rung. Erhebung personenbezogener DatenBeim Besuch unserer Website: Es werden automatisch technische Daten erfasst (z. B. IP-Adresse, Browsertyp, Datum\/Uhrzeit).Bei einer Kontaktaufnahme: Wir erheben Ihre Kontaktdaten (Name, Telefonnummer, E-Mail-Adresse) ausschlie\u00dflich [&hellip;]","og_url":"https:\/\/rocomplet.info\/?page_id=20","og_site_name":"ROcomplet","article_publisher":"https:\/\/www.facebook.com\/profile.php?id=61580926202755","article_modified_time":"2026-01-12T19:46:42+00:00","twitter_card":"summary_large_image","twitter_misc":{"Gesch\u00e4tzte Lesezeit":"1\u00a0Minute"},"schema":{"@context":"https:\/\/schema.org","@graph":[{"@type":"WebPage","@id":"https:\/\/rocomplet.info\/?page_id=20","url":"https:\/\/rocomplet.info\/?page_id=20","name":"Datenschutz - ROcomplet","isPartOf":{"@id":"https:\/\/rocomplet.info\/#website"},"datePublished":"2026-01-12T08:54:43+00:00","dateModified":"2026-01-12T19:46:42+00:00","breadcrumb":{"@id":"https:\/\/rocomplet.info\/?page_id=20#breadcrumb"},"inLanguage":"de","potentialAction":[{"@type":"ReadAction","target":["https:\/\/rocomplet.info\/?page_id=20"]}]},{"@type":"BreadcrumbList","@id":"https:\/\/rocomplet.info\/?page_id=20#breadcrumb","itemListElement":[{"@type":"ListItem","position":1,"name":"Start","item":"https:\/\/rocomplet.info\/"},{"@type":"ListItem","position":2,"name":"Datenschutz"}]},{"@type":"WebSite","@id":"https:\/\/rocomplet.info\/#website","url":"https:\/\/rocomplet.info\/","name":"ROcomplet","description":"","publisher":{"@id":"https:\/\/rocomplet.info\/#organization"},"potentialAction":[{"@type":"SearchAction","target":{"@type":"EntryPoint","urlTemplate":"https:\/\/rocomplet.info\/?s={search_term_string}"},"query-input":{"@type":"PropertyValueSpecification","valueRequired":true,"valueName":"search_term_string"}}],"inLanguage":"de"},{"@type":"Organization","@id":"https:\/\/rocomplet.info\/#organization","name":"ROcomplet","url":"https:\/\/rocomplet.info\/","logo":{"@type":"ImageObject","inLanguage":"de","@id":"https:\/\/rocomplet.info\/#\/schema\/logo\/image\/","url":"https:\/\/rocomplet.info\/wp-content\/uploads\/2026\/01\/12-removebg-preview.png","contentUrl":"https:\/\/rocomplet.info\/wp-content\/uploads\/2026\/01\/12-removebg-preview.png","width":600,"height":231,"caption":"ROcomplet"},"image":{"@id":"https:\/\/rocomplet.info\/#\/schema\/logo\/image\/"},"sameAs":["https:\/\/www.facebook.com\/profile.php?id=61580926202755","https:\/\/www.instagram.com\/rocomplet?utm_source=ig_web_button_share_sheet&igsh=ZDNlZDc0MzIxNw","https:\/\/www.tiktok.com\/@rocomplet?is_from_webapp=1&sender_device=pc"]}]}},"uagb_featured_image_src":{"full":false,"thumbnail":false,"medium":false,"medium_large":false,"large":false,"1536x1536":false,"2048x2048":false},"uagb_author_info":{"display_name":"ROcomplet","author_link":"https:\/\/rocomplet.info\/?author=1"},"uagb_comment_info":0,"uagb_excerpt":"Datenschutzerkl\u00e4rung\u00a0 VerantwortlicherROcompletInh. Ioan-Andrei TauseanAlte stra\u00dfe 64, 94034 PassauTelefon: + 49 1514 0354060E-Mail: contact@rocomplet.info DatenschutzWir behandeln Ihre personenbezogenen Daten vertraulich und entsprechend den gesetzlichen Datenschutzvorschriften (DSGVO) sowie dieser Datenschutzerkl\u00e4rung. Erhebung personenbezogener DatenBeim Besuch unserer Website: Es werden automatisch technische Daten erfasst (z. B. IP-Adresse, Browsertyp, Datum\/Uhrzeit).Bei einer Kontaktaufnahme: Wir erheben Ihre Kontaktdaten (Name, Telefonnummer, E-Mail-Adresse) ausschlie\u00dflich&hellip;","_links":{"self":[{"href":"https:\/\/rocomplet.info\/index.php?rest_route=\/wp\/v2\/pages\/20","targetHints":{"allow":["GET"]}}],"collection":[{"href":"https:\/\/rocomplet.info\/index.php?rest_route=\/wp\/v2\/pages"}],"about":[{"href":"https:\/\/rocomplet.info\/index.php?rest_route=\/wp\/v2\/types\/page"}],"author":[{"embeddable":true,"href":"https:\/\/rocomplet.info\/index.php?rest_route=\/wp\/v2\/users\/1"}],"replies":[{"embeddable":true,"href":"https:\/\/rocomplet.info\/index.php?rest_route=%2Fwp%2Fv2%2Fcomments&post=20"}],"version-history":[{"count":3,"href":"https:\/\/rocomplet.info\/index.php?rest_route=\/wp\/v2\/pages\/20\/revisions"}],"predecessor-version":[{"id":49,"href":"https:\/\/rocomplet.info\/index.php?rest_route=\/wp\/v2\/pages\/20\/revisions\/49"}],"wp:attachment":[{"href":"https:\/\/rocomplet.info\/index.php?rest_route=%2Fwp%2Fv2%2Fmedia&parent=20"}],"curies":[{"name":"wp","href":"https:\/\/api.w.org\/{rel}","templated":true}]}}