{"id":18,"date":"2026-01-12T08:53:45","date_gmt":"2026-01-12T08:53:45","guid":{"rendered":"https:\/\/rocomplet.info\/?page_id=18"},"modified":"2026-01-12T19:45:57","modified_gmt":"2026-01-12T19:45:57","slug":"impressum","status":"publish","type":"page","link":"https:\/\/rocomplet.info\/?page_id=18","title":{"rendered":"Impressum"},"content":{"rendered":"\n<p><strong>Angaben gem\u00e4\u00df \u00a7 5 TMG:<br>ROcomplet<br>Einzelunternehmen<br>Alte Stra\u00dfe 64<br>94034 Passau<\/strong><br><strong>Vertreten durch:<br>Ioan- Andrei Tausean<br><br>Telefon: + 49 1514 0354060<br>E-Mail: <\/strong><a href=\"mailto:contact@rocomplet.info\"><strong>contact@rocomplet.info<\/strong><\/a><br><strong><br>Umsatzsteuer-Identifikationsnummer gem\u00e4\u00df \u00a7 27a Umsatzsteuergeset : DE342389751<br><br>Beratung und Hilfe in rum\u00e4nischer Sprache f\u00fcr Rum\u00e4nen in den Arbeitslosigkeit, Kindergeld, Wohngeld, Kinderzuschlag, staatliche Unterst\u00fctzung, Begleitung bei Beh\u00f6rdeng\u00e4ngen, Unterst\u00fctzung bei schriftlichen Antr\u00e4gen und Insolvenzverfahren.<br><br>Haftungsausschluss :<br>Trotz sorgf\u00e4ltiger inhaltlicher Kontrolle \u00fcbernehmen wir keine Haftung f\u00fcr die Inhalte externer Links. F\u00fcr den Inhalt der verlinkten Seiten sind ausschlie\u00dflich deren Betreiber verantwortlich.<\/strong><\/p>\n","protected":false},"excerpt":{"rendered":"<p>Angaben gem\u00e4\u00df \u00a7 5 TMG:ROcompletEinzelunternehmenAlte Stra\u00dfe 6494034 PassauVertreten durch:Ioan- Andrei Tausean Telefon: + 49 1514 0354060E-Mail: contact@rocomplet.infoUmsatzsteuer-Identifikationsnummer gem\u00e4\u00df \u00a7 27a Umsatzsteuergeset : DE342389751 Beratung und Hilfe in rum\u00e4nischer Sprache f\u00fcr Rum\u00e4nen in den Arbeitslosigkeit, Kindergeld, Wohngeld, Kinderzuschlag, staatliche Unterst\u00fctzung, Begleitung bei Beh\u00f6rdeng\u00e4ngen, Unterst\u00fctzung bei schriftlichen Antr\u00e4gen und Insolvenzverfahren. Haftungsausschluss :Trotz sorgf\u00e4ltiger inhaltlicher Kontrolle \u00fcbernehmen wir [&hellip;]<\/p>\n","protected":false},"author":1,"featured_media":0,"parent":0,"menu_order":0,"comment_status":"closed","ping_status":"closed","template":"","meta":{"_uag_custom_page_level_css":"","footnotes":""},"class_list":["post-18","page","type-page","status-publish","hentry"],"yoast_head":"<!-- This site is optimized with the Yoast SEO plugin v27.5 - https:\/\/yoast.com\/product\/yoast-seo-wordpress\/ -->\n<title>Impressum - ROcomplet<\/title>\n<meta name=\"robots\" content=\"index, follow, max-snippet:-1, max-image-preview:large, max-video-preview:-1\" \/>\n<link rel=\"canonical\" href=\"https:\/\/rocomplet.info\/?page_id=18\" \/>\n<meta property=\"og:locale\" content=\"de_DE\" \/>\n<meta property=\"og:type\" content=\"article\" \/>\n<meta property=\"og:title\" content=\"Impressum - ROcomplet\" \/>\n<meta property=\"og:description\" content=\"Angaben gem\u00e4\u00df \u00a7 5 TMG:ROcompletEinzelunternehmenAlte Stra\u00dfe 6494034 PassauVertreten durch:Ioan- Andrei Tausean Telefon: + 49 1514 0354060E-Mail: contact@rocomplet.infoUmsatzsteuer-Identifikationsnummer gem\u00e4\u00df \u00a7 27a Umsatzsteuergeset : DE342389751 Beratung und Hilfe in rum\u00e4nischer Sprache f\u00fcr Rum\u00e4nen in den Arbeitslosigkeit, Kindergeld, Wohngeld, Kinderzuschlag, staatliche Unterst\u00fctzung, Begleitung bei Beh\u00f6rdeng\u00e4ngen, Unterst\u00fctzung bei schriftlichen Antr\u00e4gen und Insolvenzverfahren. Haftungsausschluss :Trotz sorgf\u00e4ltiger inhaltlicher Kontrolle \u00fcbernehmen wir [&hellip;]\" \/>\n<meta property=\"og:url\" content=\"https:\/\/rocomplet.info\/?page_id=18\" \/>\n<meta property=\"og:site_name\" content=\"ROcomplet\" \/>\n<meta property=\"article:publisher\" content=\"https:\/\/www.facebook.com\/profile.php?id=61580926202755\" \/>\n<meta property=\"article:modified_time\" content=\"2026-01-12T19:45:57+00:00\" \/>\n<meta name=\"twitter:card\" content=\"summary_large_image\" \/>\n<script type=\"application\/ld+json\" class=\"yoast-schema-graph\">{\"@context\":\"https:\\\/\\\/schema.org\",\"@graph\":[{\"@type\":\"WebPage\",\"@id\":\"https:\\\/\\\/rocomplet.info\\\/?page_id=18\",\"url\":\"https:\\\/\\\/rocomplet.info\\\/?page_id=18\",\"name\":\"Impressum - ROcomplet\",\"isPartOf\":{\"@id\":\"https:\\\/\\\/rocomplet.info\\\/#website\"},\"datePublished\":\"2026-01-12T08:53:45+00:00\",\"dateModified\":\"2026-01-12T19:45:57+00:00\",\"breadcrumb\":{\"@id\":\"https:\\\/\\\/rocomplet.info\\\/?page_id=18#breadcrumb\"},\"inLanguage\":\"de\",\"potentialAction\":[{\"@type\":\"ReadAction\",\"target\":[\"https:\\\/\\\/rocomplet.info\\\/?page_id=18\"]}]},{\"@type\":\"BreadcrumbList\",\"@id\":\"https:\\\/\\\/rocomplet.info\\\/?page_id=18#breadcrumb\",\"itemListElement\":[{\"@type\":\"ListItem\",\"position\":1,\"name\":\"Start\",\"item\":\"https:\\\/\\\/rocomplet.info\\\/\"},{\"@type\":\"ListItem\",\"position\":2,\"name\":\"Impressum\"}]},{\"@type\":\"WebSite\",\"@id\":\"https:\\\/\\\/rocomplet.info\\\/#website\",\"url\":\"https:\\\/\\\/rocomplet.info\\\/\",\"name\":\"ROcomplet\",\"description\":\"\",\"publisher\":{\"@id\":\"https:\\\/\\\/rocomplet.info\\\/#organization\"},\"potentialAction\":[{\"@type\":\"SearchAction\",\"target\":{\"@type\":\"EntryPoint\",\"urlTemplate\":\"https:\\\/\\\/rocomplet.info\\\/?s={search_term_string}\"},\"query-input\":{\"@type\":\"PropertyValueSpecification\",\"valueRequired\":true,\"valueName\":\"search_term_string\"}}],\"inLanguage\":\"de\"},{\"@type\":\"Organization\",\"@id\":\"https:\\\/\\\/rocomplet.info\\\/#organization\",\"name\":\"ROcomplet\",\"url\":\"https:\\\/\\\/rocomplet.info\\\/\",\"logo\":{\"@type\":\"ImageObject\",\"inLanguage\":\"de\",\"@id\":\"https:\\\/\\\/rocomplet.info\\\/#\\\/schema\\\/logo\\\/image\\\/\",\"url\":\"https:\\\/\\\/rocomplet.info\\\/wp-content\\\/uploads\\\/2026\\\/01\\\/12-removebg-preview.png\",\"contentUrl\":\"https:\\\/\\\/rocomplet.info\\\/wp-content\\\/uploads\\\/2026\\\/01\\\/12-removebg-preview.png\",\"width\":600,\"height\":231,\"caption\":\"ROcomplet\"},\"image\":{\"@id\":\"https:\\\/\\\/rocomplet.info\\\/#\\\/schema\\\/logo\\\/image\\\/\"},\"sameAs\":[\"https:\\\/\\\/www.facebook.com\\\/profile.php?id=61580926202755\",\"https:\\\/\\\/www.instagram.com\\\/rocomplet?utm_source=ig_web_button_share_sheet&igsh=ZDNlZDc0MzIxNw\",\"https:\\\/\\\/www.tiktok.com\\\/@rocomplet?is_from_webapp=1&sender_device=pc\"]}]}<\/script>\n<!-- \/ Yoast SEO plugin. -->","yoast_head_json":{"title":"Impressum - ROcomplet","robots":{"index":"index","follow":"follow","max-snippet":"max-snippet:-1","max-image-preview":"max-image-preview:large","max-video-preview":"max-video-preview:-1"},"canonical":"https:\/\/rocomplet.info\/?page_id=18","og_locale":"de_DE","og_type":"article","og_title":"Impressum - ROcomplet","og_description":"Angaben gem\u00e4\u00df \u00a7 5 TMG:ROcompletEinzelunternehmenAlte Stra\u00dfe 6494034 PassauVertreten durch:Ioan- Andrei Tausean Telefon: + 49 1514 0354060E-Mail: contact@rocomplet.infoUmsatzsteuer-Identifikationsnummer gem\u00e4\u00df \u00a7 27a Umsatzsteuergeset : DE342389751 Beratung und Hilfe in rum\u00e4nischer Sprache f\u00fcr Rum\u00e4nen in den Arbeitslosigkeit, Kindergeld, Wohngeld, Kinderzuschlag, staatliche Unterst\u00fctzung, Begleitung bei Beh\u00f6rdeng\u00e4ngen, Unterst\u00fctzung bei schriftlichen Antr\u00e4gen und Insolvenzverfahren. Haftungsausschluss :Trotz sorgf\u00e4ltiger inhaltlicher Kontrolle \u00fcbernehmen wir [&hellip;]","og_url":"https:\/\/rocomplet.info\/?page_id=18","og_site_name":"ROcomplet","article_publisher":"https:\/\/www.facebook.com\/profile.php?id=61580926202755","article_modified_time":"2026-01-12T19:45:57+00:00","twitter_card":"summary_large_image","schema":{"@context":"https:\/\/schema.org","@graph":[{"@type":"WebPage","@id":"https:\/\/rocomplet.info\/?page_id=18","url":"https:\/\/rocomplet.info\/?page_id=18","name":"Impressum - ROcomplet","isPartOf":{"@id":"https:\/\/rocomplet.info\/#website"},"datePublished":"2026-01-12T08:53:45+00:00","dateModified":"2026-01-12T19:45:57+00:00","breadcrumb":{"@id":"https:\/\/rocomplet.info\/?page_id=18#breadcrumb"},"inLanguage":"de","potentialAction":[{"@type":"ReadAction","target":["https:\/\/rocomplet.info\/?page_id=18"]}]},{"@type":"BreadcrumbList","@id":"https:\/\/rocomplet.info\/?page_id=18#breadcrumb","itemListElement":[{"@type":"ListItem","position":1,"name":"Start","item":"https:\/\/rocomplet.info\/"},{"@type":"ListItem","position":2,"name":"Impressum"}]},{"@type":"WebSite","@id":"https:\/\/rocomplet.info\/#website","url":"https:\/\/rocomplet.info\/","name":"ROcomplet","description":"","publisher":{"@id":"https:\/\/rocomplet.info\/#organization"},"potentialAction":[{"@type":"SearchAction","target":{"@type":"EntryPoint","urlTemplate":"https:\/\/rocomplet.info\/?s={search_term_string}"},"query-input":{"@type":"PropertyValueSpecification","valueRequired":true,"valueName":"search_term_string"}}],"inLanguage":"de"},{"@type":"Organization","@id":"https:\/\/rocomplet.info\/#organization","name":"ROcomplet","url":"https:\/\/rocomplet.info\/","logo":{"@type":"ImageObject","inLanguage":"de","@id":"https:\/\/rocomplet.info\/#\/schema\/logo\/image\/","url":"https:\/\/rocomplet.info\/wp-content\/uploads\/2026\/01\/12-removebg-preview.png","contentUrl":"https:\/\/rocomplet.info\/wp-content\/uploads\/2026\/01\/12-removebg-preview.png","width":600,"height":231,"caption":"ROcomplet"},"image":{"@id":"https:\/\/rocomplet.info\/#\/schema\/logo\/image\/"},"sameAs":["https:\/\/www.facebook.com\/profile.php?id=61580926202755","https:\/\/www.instagram.com\/rocomplet?utm_source=ig_web_button_share_sheet&igsh=ZDNlZDc0MzIxNw","https:\/\/www.tiktok.com\/@rocomplet?is_from_webapp=1&sender_device=pc"]}]}},"uagb_featured_image_src":{"full":false,"thumbnail":false,"medium":false,"medium_large":false,"large":false,"1536x1536":false,"2048x2048":false},"uagb_author_info":{"display_name":"ROcomplet","author_link":"https:\/\/rocomplet.info\/?author=1"},"uagb_comment_info":0,"uagb_excerpt":"Angaben gem\u00e4\u00df \u00a7 5 TMG:ROcompletEinzelunternehmenAlte Stra\u00dfe 6494034 PassauVertreten durch:Ioan- Andrei Tausean Telefon: + 49 1514 0354060E-Mail: contact@rocomplet.infoUmsatzsteuer-Identifikationsnummer gem\u00e4\u00df \u00a7 27a Umsatzsteuergeset : DE342389751 Beratung und Hilfe in rum\u00e4nischer Sprache f\u00fcr Rum\u00e4nen in den Arbeitslosigkeit, Kindergeld, Wohngeld, Kinderzuschlag, staatliche Unterst\u00fctzung, Begleitung bei Beh\u00f6rdeng\u00e4ngen, Unterst\u00fctzung bei schriftlichen Antr\u00e4gen und Insolvenzverfahren. Haftungsausschluss :Trotz sorgf\u00e4ltiger inhaltlicher Kontrolle \u00fcbernehmen wir&hellip;","_links":{"self":[{"href":"https:\/\/rocomplet.info\/index.php?rest_route=\/wp\/v2\/pages\/18","targetHints":{"allow":["GET"]}}],"collection":[{"href":"https:\/\/rocomplet.info\/index.php?rest_route=\/wp\/v2\/pages"}],"about":[{"href":"https:\/\/rocomplet.info\/index.php?rest_route=\/wp\/v2\/types\/page"}],"author":[{"embeddable":true,"href":"https:\/\/rocomplet.info\/index.php?rest_route=\/wp\/v2\/users\/1"}],"replies":[{"embeddable":true,"href":"https:\/\/rocomplet.info\/index.php?rest_route=%2Fwp%2Fv2%2Fcomments&post=18"}],"version-history":[{"count":4,"href":"https:\/\/rocomplet.info\/index.php?rest_route=\/wp\/v2\/pages\/18\/revisions"}],"predecessor-version":[{"id":48,"href":"https:\/\/rocomplet.info\/index.php?rest_route=\/wp\/v2\/pages\/18\/revisions\/48"}],"wp:attachment":[{"href":"https:\/\/rocomplet.info\/index.php?rest_route=%2Fwp%2Fv2%2Fmedia&parent=18"}],"curies":[{"name":"wp","href":"https:\/\/api.w.org\/{rel}","templated":true}]}}